v - 5. Let s be x(10). Suppose -s*m + 256 = 3*m. What is the greatest common divisor of m and 352?
32
Let l be 6 - ((8/4 - 3) + 1). What is the greatest common divisor of l and 7?
1
Let f(k) = 5*k - 4. Let y be f(7). Let i be (((-372)/18)/(-1))/((-4)/(-30)). Calculate the highest common divisor of i and y.
31
Suppose 2*p - 41 - 27 = 0. Suppose 0 = 2*v + 3*x - 127, -x + 201 = -2*v + 5*v. Calculate the highest common divisor of v and p.
34
Let r(x) = -x**3 + 17*x**2 + 18*x + 6. Let m be r(18). Suppose -16 - 17 = -11*u. What is the greatest common factor of m and u?
3
Let o be -8*4/8*45/(-12). Suppose 4*m - 573 = -213. Calculate the greatest common factor of o and m.
15
Suppose 3*h = 3*j + 15, 3*h = -0*h - 5*j - 25. Suppose 7*u - 110 = 2*u + a, h = 3*u - 4*a - 83. Calculate the greatest common divisor of u and 168.
21
Let s be (-64)/(-80) - 1608/(-15). Calculate the greatest common factor of s and 684.
36
Suppose -3*v - 4*q = -328, v - 224 = -v - 4*q. Suppose l + 109 - 107 = -5*j, -30 = -5*l - 5*j. What is the highest common factor of v and l?
8
Let n be -10*(17 + 5522/(-220)). Let u(x) = x**3 + 4*x**2 - 8*x - 6. Let t be u(-5). Calculate the greatest common factor of n and t.
9
Let j = -32 + 47. Suppose 7*n = 2*n + 3*o + 105, 0 = 3*o + j. What is the greatest common factor of n and 162?
18
Let c be (11/(-3) + 4)/1*39. What is the highest common divisor of c and 117?
13
Let v(o) = o**3 + 22*o**2 + 11*o + 238. Let t be v(-21). Calculate the greatest common divisor of t and 14.
14
Suppose 5*p - 5*d = 125, -d + 88 = 4*p - 2*d. Let t(f) = f - 13. Let c be t(11). Let s be 245/c*18/(-15). What is the highest common factor of s and p?
21
Let z(y) = y + 2. Let u be z(3). Suppose -d - 3*x = -5*x - 13, u*d = 4*x + 71. What is the highest common factor of d and 120?
15
Let l be -2 - 1 - (1 - (-24)/3). Let j be (0 - 22/(-3))*(-18)/l. What is the highest common divisor of j and 99?
11
Let f be (-8)/16 + (87/2 - -1). Calculate the highest common factor of f and 396.
44
Suppose 2*u + 60 = 3*f, 3*u - 53 - 28 = -5*f. Let y = 394 + -382. Calculate the highest common divisor of f and y.
6
Let q(a) = -a**3 + a**2 + 3*a - 3. Let v(m) = -m**2 + 6*m - 8. Let w be v(5). Let l be q(w). Calculate the highest common factor of 36 and l.
12
Suppose 57*q + 100 = 4*z + 55*q, 4*q = 24. Let r(a) = 4*a**2 - 4*a - 3. Let p be r(-2). What is the highest common divisor of z and p?
7
Let l be -2 - ((-32)/144 + 68/(-18)). Calculate the greatest common divisor of l and 36.
2
Let l = 822 + -726. Let z = 9 + 3. Calculate the highest common divisor of z and l.
12
Let f = 22 - -90. Suppose 7*c = -c + 24. Suppose -c*u = -23 - 25. Calculate the highest common factor of u and f.
16
Let b(n) = 55*n - 237. Let i be b(12). What is the highest common factor of i and 9?
9
Let l be 1/(-6) - (-2669)/102. What is the greatest common divisor of l and 39?
13
Let j = -20 + 12. Let v be (-22)/3*228/j. Let w be 6/21 - (-262)/14. Calculate the greatest common factor of v and w.
19
Let j be (-18)/33 - (-28422)/198. Calculate the highest common divisor of 117 and j.
13
Suppose -96 = -25*x + 21*x. What is the greatest common factor of 120 and x?
24
Suppose 3359 = 3*j + 4*r, -5*j = -0*j + 5*r - 5605. Suppose m = -4*m + j. Calculate the greatest common divisor of 25 and m.
25
Suppose 0 = -26*h + 105 + 1065. Let l = -1 + 1. Suppose 3*i + 2*i - 25 = l. What is the greatest common factor of i and h?
5
Suppose -4*a - 2*b + 20 = 0, 4*a - 6*b = -2*b - 4. Suppose -2*s - v = -17, -a*s + 28 = -3*v + 2*v. Calculate the greatest common divisor of 63 and s.
9
Let t be 935/25 + 44/(-10) + 5. Calculate the greatest common divisor of 722 and t.
38
Suppose 0 = -4*u + 8 + 8. Suppose -3*j = -5*x + 14 + 16, 0 = -4*x - 3*j + 24. What is the greatest common factor of x and u?
2
Let d be -2*2/(-12) - (-56)/21. Suppose d*p = 3*k + 6, 7*p - k - 6 = 2*p. What is the highest common divisor of p and 5?
1
Let c = 49 + -14. Let g = -19 + c. Let m = 339 + -163. Calculate the greatest common divisor of m and g.
16
Suppose 4*k - 3088 = -5*z + 1850, -984 = -z - 2*k. What is the greatest common divisor of z and 60?
30
Let c = -4 + 10. Let n be 4/c + 1355/15. Let g = 5 + 8. Calculate the greatest common factor of n and g.
13
Let k = 244 + -164. Suppose -7*s - 76 = -2*u - 3*s, 3*s + 102 = 3*u. Let r = u + -20. Calculate the highest common factor of r and k.
10
Let v(k) = 3673*k**2 + 162*k + 161. Let n be v(-1). What is the highest common factor of 136 and n?
136
Let a(t) = -2*t**2 - 13*t + 3. Suppose 0*b = -4*b - 24. Let r be a(b). Suppose s + 27 = 4*s. What is the greatest common divisor of s and r?
9
Suppose -8*a = -11*a + 36. Suppose -a = -h + 13. Calculate the highest common factor of h and 25.
25
Suppose 0 = -v - 4*d - d + 70, -66 = -v - 3*d. Suppose 5*b + 2*m - v = 0, 5*m - 46 = -5*b + 14. What is the greatest common factor of 192 and b?
12
Suppose 6*z = 3*z + 9. Suppose -2*p + 3 + 17 = 0. Let c = p + z. What is the highest common factor of 39 and c?
13
Let g(k) = 11*k - 4. Let p be g(1). Suppose 9*u - p*u = 48. Calculate the highest common divisor of u and 16.
8
Let a = 409 + -364. Calculate the greatest common divisor of a and 60.
15
Suppose -169*d = -136*d - 132. Calculate the greatest common divisor of 188 and d.
4
Suppose -17*d + 90 = -11*d. Calculate the highest common divisor of 60 and d.
15
Let r be 4 + ((-18)/15)/((-33)/550). What is the highest common factor of 45 and r?
3
Suppose -665*l = -666*l + 44. Let w = 34 - 22. Suppose 3*z = 2*z - s + w, 2*z - s - 21 = 0. Calculate the greatest common factor of z and l.
11
Suppose -5*b - 10 = 0, -2*x - 50 = -4*b - 128. What is the greatest common factor of x and 665?
35
Let j = -48 + 242. Let r = j - 137. What is the greatest common factor of 38 and r?
19
Suppose -3*b + 1290 = 3*j, 7*b + 3*j = 12*b - 2190. What is the highest common divisor of b and 15?
15
Let n(h) = -h**3 - 5*h**2 + 13. Let y be n(-4). Let u be (-81)/y + 0 + 3. Calculate the highest common divisor of 6 and u.
6
Suppose 26*c - 440 = 522. Calculate the highest common divisor of 37 and c.
37
Let b be (-7)/14*(1 + -1 - 20). What is the greatest common divisor of 190 and b?
10
Suppose 2*b + o = 28, 5*o - 3 - 39 = -3*b. Suppose 4*v + 5*w - w = 32, -v = -2*w - b. What is the highest common divisor of v and 40?
10
Suppose -5*u + 9 = -1. Let h be (1 + -2)*18*(-3 + u). What is the highest common factor of 72 and h?
18
Suppose 0 = r - 7. Let n(o) = -o**2 + 9*o - 4. Let b be n(r). Let k(a) = -a**2 + 79*a - 1448. Let x be k(38). What is the highest common factor of x and b?
10
Let u = 143 + 22. Let t = u + -21. What is the greatest common divisor of t and 16?
16
Suppose 17*h - 252 - 54 = 0. Let c = -1 - -3. Calculate the greatest common factor of h and c.
2
Let g = -693 + 784. What is the highest common divisor of 468 and g?
13
Let d be (-6)/(-72)*-4 + (-133)/(-3). Let c = 4 + d. What is the highest common divisor of 16 and c?
16
Suppose -5*p = -4*a - 573, -3*p = -2*p + 5*a - 103. Let i = -111 + p. What is the greatest common divisor of 3 and i?
1
Suppose -2*m + 808 = 556. What is the greatest common divisor of m and 90?
18
Suppose 0 = 2*n - 5*o + 7, -8*o = -5*o - 9. Suppose 0 = c - 5*k - 33, -2*c + 4*c + n*k = -4. What is the greatest common factor of 16 and c?
8
Suppose -3*s + 443 = 2*m, -5*s + 471 = 4*m - 414. What is the greatest common divisor of 20 and m?
20
Suppose l + 18 = -22. Let c be -5 - 3 - -4 - l. Let f = 24 + c. What is the greatest common divisor of f and 30?
30
Suppose 5*k + 4*s - 300 = 0, -10 = 4*s - 30. Suppose 5 + 1 = -2*c. Let j be (56/35)/(c/(-15)). What is the highest common factor of j and k?
8
Suppose 75*l = 1929 - 729. Suppose 3*h = 2*h + 12. Calculate the greatest common divisor of l and h.
4
Let d = -7 - -18. Let w(a) = a**2 - 3*a - 10. Suppose -4*n = 5*n + 54. Let y be w(n). Calculate the greatest common divisor of y and d.
11
Let w(b) be the second derivative of 5*b**4 + b**3/2 - 3*b**2 + 16*b. Let z be w(2). Calculate the greatest common factor of z and 15.
15
Let n(s) = -2*s**3 - s + 5. Let b be n(0). Suppose -b*t + 30 = 4*k, 3*t + 0 + 6 = 0. Calculate the highest common factor of k and 30.
10
Let h(b) = -5*b - 21. Let r be h(-28). Calculate the greatest common factor of r and 21.
7
Suppose -2*q = 